15?
True
Does 11 divide 1183?
False
Does 4 divide 3652?
True
Is 8819 a multiple of 6?
False
Is 12465 a multiple of 5?
True
Is 110 a multiple of 10?
True
Does 30 divide 14723?
False
Is 4 a factor of 1087?
False
Does 71 divide 4118?
True
Is 10 a factor of 5567?
False
Is 16 a factor of 167488?
True
Does 62 divide 6483?
False
Does 15 divide 945?
True
Is 16 a factor of 641?
False
Is 13559 a multiple of 36?
False
Is 29 even?
False
Is 1115 a multiple of 12?
False
Does 23 divide 2162?
True
Does 24 divide 3724?
False
Does 29 divide 15312?
True
Is 6603 a multiple of 2?
False
Is 24414 a multiple of 78?
True
Does 21 divide 42?
True
Does 14 divide 260?
False
Is 16 a factor of 18720?
True
Is 12 a factor of 24?
True
Does 11 divide 3277?
False
Is 5 a factor of 5355?
True
Does 13 divide 364?
True
Does 101 divide 10048?
False
Does 5 divide 7884?
False
Does 384 divide 67584?
True
Does 31 divide 2049?
False
Is 8 a factor of 184?
True
Does 5 divide 32415?
True
Is 1002 a multiple of 146?
False
Does 10 divide 276?
False
Is 1066 a multiple of 13?
True
Is 26 a factor of 2054?
True
Is 18909 a multiple of 201?
False
Does 11 divide 8699?
False
Is 637 a multiple of 7?
True
Is 360 a factor of 33006?
False
Does 16 divide 104880?
True
Is 72 a factor of 1395?
False
Is 297 a multiple of 33?
True
Is 36 a factor of 238?
False
Is 10 a factor of 23267?
False
Is 234 a multiple of 13?
True
Is 18067 a multiple of 29?
True
Does 11 divide 19123?
False
Does 142 divide 292?
False
Is 14 a factor of 14439?
False
Does 3 divide 243?
True
Does 79 divide 224?
False
Is 18 a factor of 1271?
False
Is 1295 a multiple of 21?
False
Is 3 a factor of 8770?
False
Does 27 divide 20737?
False
Does 120 divide 1440?
True
Is 1075 a multiple of 25?
True
Is 7 a factor of 45?
False
Is 24 a factor of 720?
True
Is 10 a factor of 570?
True
Does 20 divide 16040?
True
Does 48 divide 2642?
False
Is 36 a factor of 47088?
True
Is 238 a multiple of 15?
False
Does 47 divide 33376?
False
Does 128 divide 4992?
True
Is 3710 a multiple of 106?
True
Does 6 divide 4692?
True
Does 2 divide 1779?
False
Is 28 a factor of 6228?
False
Does 45 divide 934?
False
Does 147 divide 1844?
False
Is 26 a factor of 1906?
False
Does 44 divide 12665?
False
Is 32 a factor of 2514?
False
Is 7255 a multiple of 7?
False
Is 35 a factor of 2689?
False
Is 15 a factor of 195?
True
Does 17 divide 41072?
True
Is 1744 a multiple of 3?
False
Is 13 a factor of 11205?
False
Does 11 divide 121?
True
Does 41 divide 1025?
True
Does 83 divide 35441?
True
Does 11 divide 35761?
True
Does 111 divide 444?
True
Is 18 a factor of 828?
True
Does 22 divide 1505?
False
Is 8 a factor of 607?
False
Is 8 a factor of 223?
False
Does 103 divide 7210?
True
Does 56 divide 26079?
False
Is 5880 a multiple of 6?
True
Is 36304 a multiple of 19?
False
Does 68 divide 180?
False
Is 52 a factor of 25688?
True
Is 5808 even?
True
Does 27 divide 648?
True
Is 15 a factor of 3918?
False
Does 113 divide 18258?
False
Is 1015 a multiple of 8?
False
Is 114 a multiple of 19?
True
Does 125 divide 6390?
False
Is 3 a factor of 183?
True
Does 159 divide 7264?
False
Is 759 a multiple of 23?
True
Is 7 a factor of 2037?
True
Does 22 divide 1048?
False
Is 1010 a multiple of 54?
False
Is 3306 a multiple of 38?
True
Does 26 divide 26832?
True
Is 54 a multiple of 9?
True
Is 19 a factor of 41762?
True
Does 131 divide 38197?
False
Is 204 a multiple of 13?
False
Is 14 a factor of 154?
True
Is 19220 a multiple of 62?
True
Does 16 divide 4252?
False
Does 3 divide 85?
False
Is 332 a factor of 32868?
True
Is 1136 a multiple of 3?
False
Is 50 a factor of 1700?
True
Does 234 divide 936?
True
Does 13 divide 10517?
True
Is 77658 a multiple of 45?
False
Is 231 a multiple of 11?
True
Is 13440 a multiple of 14?
True
Is 15154 a multiple of 2?
True
Does 38 divide 3154?
True
Is 13 a factor of 45306?
False
Does 16 divide 886?
False
Is 8905 even?
False
Does 3 divide 116?
False
Is 5 a factor of 301?
False
Does 28 divide 780?
False
Is 15 a factor of 42302?
False
Is 60 a multiple of 3?
True
Does 5 divide 2241?
False
Is 5 a factor of 384?
False
Does 16 divide 4960?
True
Is 194 a multiple of 3?
False
Is 162 a factor of 6141?
False
Is 25 a factor of 18225?
True
Is 72808 a multiple of 57?
False
Is 27 a factor of 7290?
True
Is 138 a factor of 16698?
True
Is 18 a factor of 5958?
True
Is 15848 a multiple of 56?
True
Does 47 divide 937?
False
Is 794 a multiple of 26?
False
Is 34 a factor of 2482?
True
Is 12 a factor of 36?
True
Is 17 a factor of 3254?
False
Is 45612 a multiple of 12?
True
Is 2610 a multiple of 45?
True
Is 38610 a multiple of 18?
True
Does 48 divide 8880?
True
Does 158 divide 9796?
True
Does 207 divide 12006?
True
Is 276 a multiple of 23?
True
Does 45 divide 11182?
False
Is 7624 a multiple of 38?
False
Is 22 a factor of 1132?
False
Is 4241 a multiple of 16?
False
Is 4356 a multiple of 121?
True
Is 23 a factor of 184?
True
Does 13 divide 5031?
True
Is 66 even?
True
Is 14 a factor of 22358?
True
Does 197 divide 44719?
True
Is 10 a factor of 1863?
False
Does 120 divide 14760?
True
Is 379 a multiple of 11?
False
Is 74508 a multiple of 28?
True
Is 3990 a multiple of 30?
True
Is 98 a factor of 17444?
True
Does 327 divide 25833?
True
Is 10 a factor of 3740?
True
Is 45376 a multiple of 16?
True
Is 94 a factor of 470?
True
Is 11 a factor of 341?
True
Does 51 divide 4845?
True
Is 584 a multiple of 10?
False
Does 13 divide 75491?
True
Is 361 a multiple of 19?
True
Is 64 a factor of 2373?
False
Is 52 a factor of 4555?
False
Is 45 a factor of 2485?
False
Is 5 a factor of 1037?
False
Is 1950 a multiple of 39?
True
Is 11752 a multiple of 44?
False
Is 110 a factor of 1870?
True
Does 37 divide 2035?
True
Is 136 a multiple of 31?
False
Does 14 divide 1428?
True
Does 24 divide 1273?
False
Is 65 a factor of 10220?
False
Is 4 a factor of 188?
True
Does 15 divide 5430?
True
Does 36 divide 24444?
True
Is 3548 a multiple of 11?
False
Does 20 divide 411?
False
Does 155 divide 130446?
False
Does 38 divide 554?
False
Does 5 divide 477?
False
Does 4 divide 2982?
False
Does 10 divide 12601?
False
Does 11 divide 14021?
False
Is 10 a factor of 556?
False
Is 85 a factor of 135426?
False
Does 49 divide 5492?
False
Does 12 divide 53772?
True
Is 1890 a multiple of 5?
True
Does 15 divide 8708?
False
Is 15340 a multiple of 11?
False
Is 2714 a multiple of 118?
True
Does 2 divide 374?
True
Is 1110 a multiple of 30?
True
Is 223 a factor of 14155?
False
Does 15 divide 733?
False
Is 6975 a multiple of 31?
True
Does 67 divide 4690?
True
Does 107 divide 4565?
False
Does 30 divide 1855?
False
Is 79 a factor of 2844?
True
Is 8 a factor of 64662?
False
Is 19 a factor of 2888?
True
Does 4 divide 271?
False
Is 16 a factor of 224?
True
Does 7 divide 189?
True
Is 39366 a multiple of 4?
False
Is 636 a multiple of 6?
True
Is 53 a factor of 636?
True
Does 42 divide 3696?
True
Does 22 divide 1716?
True
Does 9 divide 220?
False
Is 42 a factor of 6426?
True
Does 47 divide 12455?
True
Does 254 divide 31242?
True
Is 29 a factor of 899?
True
Does 23 divide 1380?
True
Is 5139 a multiple of 61?
False
Is 351 a multiple of 9?
True
Does 47 divide 570?
False
Does 10 divide 5317?
False
Is 52682 a multiple of 142?
True
Does 8 divide 333?
False
Is 155 a factor of 2480?
True
Is 2909 a multiple of 67?
False
Is 7811 a multiple of 7?
False
Does 10 divide 1620?
True
Is 247 a multiple of 24?
False
Is 20 a factor of 600?
True
Does 37 divide 9886?
False
Does 5 divide 325?
True
Is 6 a factor of 198?
True
Does 27 divide 18414?
True
Is 142 a factor of 11786?
True
Does 3 divide 6618?
True
Does 4 divide 228?
True
Is 510 a multiple of 33?
False
Is 123 a factor of 55041?
False
Is 52534 a multiple of 50?
False
Is 5099 a multiple of 10?
False
Is 65581 a multiple of 13?
False
Does 32 divide 10208?
True
Is 4 a factor of 4232?
True
Is 16 a factor of 19856?
True
Is 1680 a multiple of 80?
True
Is 390 even?
True
Does 101 divide 465?
False
Does 6 divide 558?
True
Does 225 divide 39643?
False
Is 719 a multiple of 15?
False
Does 23 divide 6302?
True
Does 58 divide 11484?
True
Is 373 a multiple of 27?
False
Is 8 a factor of 544?
True
Is 1386 a multiple of 33?
True
Is 5615 a multiple of 124?
False
Does 21 divide 21?
True
Is 27 a factor of 14094?
True
Does 36 divide 777?
False
Does 53 divide 2914?
False
Is 10